rue
Let p = 40 + -11. Does 7 divide p?
False
Suppose 0 = 4*b - b + 4*m - 222, 0 = 3*m - 9. Is b a multiple of 22?
False
Let i(f) = -3*f + 1. Let n be i(10). Let j = 50 + n. Is 7 a factor of j?
True
Let t be ((-3)/9)/(1/(-63)). Suppose -t = -4*d + 67. Is 22 a factor of d?
True
Suppose -y = 45 - 65. Is 18 a factor of y?
False
Suppose 306 = 4*u - 434. Let n = u + -77. Is 36 a factor of n?
True
Let q be -32 + (-1 - -3) + 2. Let b be (-14)/4*16/q. Suppose 2*j = -0*v - 2*v + 18, -4*v - b*j + 34 = 0. Is v a multiple of 7?
False
Let x = 3 - 1. Suppose x*t + 3*t - 9 = 3*h, 2*t + 6 = -2*h. Suppose -5*g + 2*u + 3*u = -50, 3*u - 6 = t. Is 12 a factor of g?
True
Suppose 5*a - 5 = -4*x, a - 2*a = -2*x - 1. Suppose -4 = -2*u - x. Is 2 a factor of u?
True
Let j(c) = -7*c**2 - 7*c. Let a(m) = -3*m**2 - 3*m. Let f(v) = -5*a(v) + 2*j(v). Let y be 6/(-9) + (-11)/(-3). Does 12 divide f(y)?
True
Let d = -81 - -136. Does 13 divide d?
False
Suppose 10*j - 415 - 105 = 0. Is 13 a factor of j?
True
Suppose 3*f = 7*f - 96. Does 8 divide f?
True
Let p = 202 - 125. Is p a multiple of 11?
True
Let v = -38 + 24. Let h = -9 - v. Suppose -3*o = -f + 1 - 22, 55 = 5*o + h*f. Is 3 a factor of o?
False
Suppose 4*m - 44 + 4 = 0. Is m a multiple of 10?
True
Let w(h) = h**3 + 7*h**2 - 9*h + 15. Is 6 a factor of w(-8)?
False
Let s = 5 - -27. Does 13 divide s - 4*(-6)/(-8)?
False
Suppose 0*c = -c + 31. Let s = c + -5. Is 13 a factor of s?
True
Suppose -3*f + 6 = -0*f + 5*t, -t - 3 = 0. Suppose -2 = s + 5*j + f, 0 = -s - 3*j - 1. Is 4 a factor of s?
False
Let z = -7 + 12. Suppose a = -y + 18, 4*y + 88 = -a + z*a. Suppose 5*f - 35 = a. Is f a multiple of 11?
True
Suppose -3 = -2*i + 1. Suppose 4*b + 83 = 3*o, -i*o + 60 = 2*b - 7*b. Is o a multiple of 6?
False
Suppose 148 - 404 = -4*y. Does 5 divide y?
False
Suppose -3*l - 3*c = 2*l - 73, 2*l - 5*c = 54. Is l a multiple of 8?
False
Let c(m) = m**2 + 4*m - 3. Let d be c(-4). Does 9 divide 1/d + (-244)/(-12)?
False
Let p(m) = 2*m. Let r be p(4). Suppose -3*k = -r*k + 40. Suppose 2 - k = -3*b. Is b a multiple of 2?
True
Suppose y = 5*y + 128. Let k = y - -88. Is k a multiple of 10?
False
Let b(r) be the second derivative of -2*r - 1/3*r**4 + 0 - 2*r**2 + 1/20*r**5 + 1/3*r**3. Does 8 divide b(5)?
False
Suppose -h + 8 + 8 = 0. Does 18 divide h/(-2 - -3) - -2?
True
Suppose -5*p + 3*p + 3*t = -4, 44 = 4*p + 3*t. Suppose -p*i = -7*i - 10. Is 5 a factor of i?
True
Suppose 39 = 2*x - 51. Suppose -x = 4*s - 9*s. Is 6 a factor of s?
False
Suppose -c = 4*c + m - 3, c - 11 = 5*m. Let g = 14 + c. Is g a multiple of 4?
False
Let h(x) = -3*x**3 - 13*x**2 + 8*x - 3. Let i(d) = 2*d**3 + 7*d**2 - 4*d + 1. Let a(r) = -3*h(r) - 5*i(r). Let t be a(4). Is t/(-8) - 61/(-2) a multiple of 16?
True
Let g(a) = -a**3 - 10*a**2 - 10*a - 5. Suppose -2*h = n + 18, -h + 0*h - 9 = 3*n. Does 4 divide g(h)?
True
Let x = -19 + 46. Let j = 45 - x. Is 6 a factor of j?
True
Suppose 3*g + 6*o = o - 1, 5*g + 5*o - 5 = 0. Suppose g*q - 3*b = 2*q, -2 = -b. Is q a multiple of 3?
True
Let k = 41 + -15. Suppose -3*n + k = -10. Does 6 divide n?
True
Suppose f + 0 = 7. Suppose f*p - 120 = 2*p. Is 12 a factor of p?
True
Let l = 14 - -21. Is 7 a factor of l?
True
Suppose 39 = h + 3. Is 12 a factor of h?
True
Let h be 3/((3 - 2)/1). Let i = 53 + h. Is 28 a factor of i?
True
Suppose 2*p = -0*p. Suppose 0 = -5*v + 2*n + 150, -5*n + 25 = -p*n. Is v a multiple of 21?
False
Let c(g) = -g. Let u(d) = -2*d - 6. Let j(s) = -4*c(s) + u(s). Let f be j(5). Let y = f - 1. Is 3 a factor of y?
True
Let d = 46 - -48. Is 10 a factor of d?
False
Let c(u) = -1 + u**3 + 2 - 2*u**3 + 5*u**2 + 2*u. Let j(s) = -s**2 + 6*s - 3. Let y be j(4). Is 11 a factor of c(y)?
True
Suppose 2*r - 4 = -0*r. Suppose -r = -0*w + w. Let l(k) = 4*k**2. Is l(w) a multiple of 8?
True
Suppose 3*y + 11 = -1. Let p be (y - 0)/(1 + -3). Is (-2)/(4/(-3))*p even?
False
Let z(t) = -t**3 + 7*t**2 - 7*t + 4. Let l be z(6). Let k = 12 + l. Does 8 divide k?
False
Suppose -4*z - 2*q + 37 = -163, -2*z - 3*q = -108. Does 6 divide z?
True
Suppose 10*x = 3*x + 336. Is x a multiple of 24?
True
Is (-3)/(-5) - (-399)/35 a multiple of 6?
True
Suppose -5*o = -6*y + 4*y + 182, -5*o = y - 91. Is y a multiple of 9?
False
Let f(b) = b + 54. Is 18 a factor of f(0)?
True
Suppose -4*i + 4*x + 40 = -x, 2*i - 4*x = 14. Does 6 divide i?
False
Suppose -26 = -8*t - 10. Is t even?
True
Let p(m) = m**2 + 3. Let k be p(3). Let o = 2 + k. Is 14 a factor of o?
True
Suppose 29 = 3*o - 79. Is 18 a factor of o?
True
Let s be (-182)/(-10) + (-3)/15. Let a be (6/s)/(1/27). Let o(k) = k**3 - 10*k**2 + 12*k - 2. Is o(a) a multiple of 17?
False
Suppose 8 = 124*v - 122*v. Does 4 divide v?
True
Let l(a) = a**2 + 2. Suppose 4*c = c. Is 2 a factor of l(c)?
True
Suppose 0 = 3*k - 158 - 205. Is 16 a factor of k?
False
Suppose b - 6 = 6. Let y be 2/6 - (-308)/b. Is y - -1*6/(-3) a multiple of 10?
False
Let k = -129 - -297. Suppose 3*m - k = n, -m = -4*m + 2*n + 168. Does 14 divide m?
True
Let p(a) = -a**2 - 5*a. Let b be p(-5). Suppose -3*t = -b*t - 15. Is 2 a factor of t?
False
Let w be 0 + (0 - -1) + -2. Let z(k) = 46*k**2 + 2*k + 1. Let h be z(w). Is 7 a factor of (-187)/(-9) - (-10)/h?
True
Let j be -2*6*(-2)/8. Let z(q) = q**2 + 3*q - 2. Is z(j) a multiple of 16?
True
Suppose 5*g + 79 = -x + 5*x, g = -3. Is 16 a factor of x?
True
Let q = 2 + 14. Is 13 a factor of q - (-2 + (-1)/(-1))?
False
Is 6 a factor of 1/(-3) + (-138)/(-9)?
False
Suppose h + 4*h - 215 = 0. Is 28 a factor of h?
False
Let u(d) = -d**3 - 8*d**2 + 7*d + 12. Does 10 divide u(-9)?
True
Suppose -4*b - 2*c = -575 - 93, -4*b + c + 674 = 0. Does 14 divide b?
True
Does 16 divide -34 + 36 + (-5)/((-10)/156)?
True
Suppose -3*m + 4*m + 12 = -3*a, -4*a = 20. Suppose p + m*p = 0. Suppose 160 = 4*l + 2*n, -l - 4*n + 53 - 13 = p. Is l a multiple of 17?
False
Let z be 6/(-4)*(-108)/3. Let x be (1/(-3))/((-3)/z). Is 48/(-10)*(1 - x) a multiple of 12?
True
Let s(o) = 80*o + 16. Is s(2) a multiple of 16?
True
Let q(u) = u**2 + 2*u - 2*u - 5. Suppose 20 = -4*m + 2*k + 2, -m + 2*k - 3 = 0. Does 10 divide q(m)?
True
Let f(g) = 15*g**3 - g**2 + 2*g - 1. Let y be f(2). Suppose -2*m - 121 = 3*n, -m + 0*m - n = 62. Let r = m + y. Is r a multiple of 18?
True
Let n = -10 + 14. Let r = 16 - n. Let b = r - 7. Does 5 divide b?
True
Let q(i) = -6*i**3 - 7*i + 2. Let u(n) = 5*n**3 + 6*n - 1. Let b(p) = 4*q(p) + 5*u(p). Let f be b(4). Let a = -42 + f. Is 12 a factor of a?
False
Suppose -36 + 200 = -4*h. Let x(k) = k**3 + 7*k**2 - 12*k - 11. Let n be x(-7). Let u = n + h. Is 16 a factor of u?
True
Let r(q) = -q**3 - 9*q**2 - 8*q + 2. Let a be r(-8). Suppose p = 3*g - 8 - 1, -a*p - 8 = -g. Is 18 a factor of p/3 - (-45 + 0)?
False
Suppose -5*t = -c - c + 46, 2*t + 28 = -4*c. Let i = t - -14. Suppose -52 = b - 2*b - i*v, 4*v = -5*b + 324. Is 24 a factor of b?
False
Is (-66)/(-4) - (-3)/6 a multiple of 8?
False
Let v be ((-6)/15)/(1/(-5)). Suppose -v*z - 81 = -5*g, g + z = -0 + 19. Is g a multiple of 14?
False
Suppose 45 = 2*f - 135. Does 15 divide f?
True
Let b be (0 - -2) + -32 - -2. Let q = -8 - b. Is q a multiple of 11?
False
Let i be (-4)/(-2) - (0 - 0). Suppose 2*h = -i*c + 22, -2*h - 5*c + 2*c + 27 = 0. Does 2 divide h?
True
Let o be (12/(-9))/((-2)/9). Let t = 9 - o. Suppose -t*c + x = -10 - 44, 3*c + x = 60. Does 8 divide c?
False
Suppose -2*z = z. Let v be z/(-1*(1 + -2)). Suppose 4*a + 3*y = -v*y + 59, 5*y + 66 = 3*a. Does 7 divide a?
False
Let s(l) = l**3 + 4*l**2 - 2*l. Let b be s(-4). Let f(u) = -u**2 + 14*u - 3. Let n be f(b). Suppose 5*j - n = 65. Is 8 a factor of j?
False
Suppose 2*u = -u + 408. Suppose n - y = 28, -2*n + u = 3*n - 3*y. Is n a multiple of 20?
False
Suppose 4*x + 4*h - 12 = 2*x, 0 = -h. Let q(z) = 26*z + 3. Let m be q(x). Is 9 a factor of 1/2 + m/6?
True
Let n(c) = 8*c - 7. Let p(y) = 2*y - 67*y + 9*y + 48. Let w(v) = -20*n(v) - 3*p(v). Is 14 a factor of w(4)?
True
Let a be (16/28)/((-2)/(-7)). Suppose -297 = -5*t + a*t. Suppose 3*n - 6*n = -t. Is n a multiple of 14?
False
Let z(f) = -f**2 - 15*f - 20. Let s be z(-14). Let c = 24 + s. Is c a multiple of 5?
False
Is 3/(-7) + ((-14944)/(-14))/8 a multiple of 43?
False
Suppose h + 9 = 2*h. Does 3 divide h?
True
Is (9 + 0)*(4/(-3) + 3) a multiple of 2?
False
Let q 